{"id":72,"date":"2020-10-01T21:15:26","date_gmt":"2020-10-01T21:15:26","guid":{"rendered":"https:\/\/www.lvpro.cz\/?page_id=72"},"modified":"2024-03-20T16:49:33","modified_gmt":"2024-03-20T16:49:33","slug":"kontakt","status":"publish","type":"page","link":"https:\/\/www.lvpro.cz\/index.php\/kontakt\/","title":{"rendered":"Kontakt"},"content":{"rendered":"\r\n<h2>\u00a0<\/h2>\r\n<h2><strong>LVPro Accounting s.r.o.<\/strong><\/h2>\r\n\r\n\r\n\r\n<h5><em>s\u00eddlo spole\u010dnosti:\u00a0<\/em><\/h5>\r\n<p>Stroj\u00edrensk\u00e1 260\/14<\/p>\r\n\r\n\r\n\r\n<p>155 21 Praha 5 &#8211; Zli\u010d\u00edn<\/p>\r\n\r\n\r\n\r\n<p>I\u010c 094 34\u00a0968<\/p>\r\n\r\n\r\n\r\n<p>e-mail: <a href=\"mailto:lvpro@lvpro.cz\">lvpro@lvpro.cz<\/a><\/p>\r\n\r\n\r\n\r\n<p>telefon: 776\u00a0278\u00a0771<\/p>\r\n\r\n\r\n\r\n<h4>\u00a0<\/h4>\r\n","protected":false},"excerpt":{"rendered":"<div class=\"mh-excerpt\"><p>\u00a0 LVPro Accounting s.r.o. s\u00eddlo spole\u010dnosti:\u00a0 Stroj\u00edrensk\u00e1 260\/14 155 21 Praha 5 &#8211; Zli\u010d\u00edn I\u010c 094 34\u00a0968 e-mail: lvpro@lvpro.cz telefon: 776\u00a0278\u00a0771 \u00a0<\/p>\n<\/div>","protected":false},"author":2,"featured_media":0,"parent":0,"menu_order":0,"comment_status":"closed","ping_status":"closed","template":"","meta":[],"_links":{"self":[{"href":"https:\/\/www.lvpro.cz\/index.php\/wp-json\/wp\/v2\/pages\/72"}],"collection":[{"href":"https:\/\/www.lvpro.cz\/index.php\/wp-json\/wp\/v2\/pages"}],"about":[{"href":"https:\/\/www.lvpro.cz\/index.php\/wp-json\/wp\/v2\/types\/page"}],"author":[{"embeddable":true,"href":"https:\/\/www.lvpro.cz\/index.php\/wp-json\/wp\/v2\/users\/2"}],"replies":[{"embeddable":true,"href":"https:\/\/www.lvpro.cz\/index.php\/wp-json\/wp\/v2\/comments?post=72"}],"version-history":[{"count":12,"href":"https:\/\/www.lvpro.cz\/index.php\/wp-json\/wp\/v2\/pages\/72\/revisions"}],"predecessor-version":[{"id":308,"href":"https:\/\/www.lvpro.cz\/index.php\/wp-json\/wp\/v2\/pages\/72\/revisions\/308"}],"wp:attachment":[{"href":"https:\/\/www.lvpro.cz\/index.php\/wp-json\/wp\/v2\/media?parent=72"}],"curies":[{"name":"wp","href":"https:\/\/api.w.org\/{rel}","templated":true}]}}